s the tens digit of f?
2
Let t(x) = 1251*x - 74. What is the thousands digit of t(11)?
3
Suppose -6*z + 169 = 139. Suppose -5*t - 840 = z*d - 5350, -1803 = -2*t - 3*d. What is the units digit of t?
3
Let k(i) = 54917*i**2 + 675*i - 676. What is the ten thousands digit of k(1)?
5
Let n(k) = 194*k**2 - 29*k - 11. What is the hundreds digit of n(4)?
9
Suppose 113*r = 5948666 + 1987663. What is the thousands digit of r?
0
Let m(g) = -14*g + 46. Let d be m(3). Let l(a) = 5*a**3 + 4*a**2 - 13*a + 14. What is the tens digit of l(d)?
4
Let o(j) = 2*j**2 - 42*j + 12. Let b = 6 - -89. Suppose -2*h - 5*x + 34 = 0, 25 = 5*h - 5*x - b. What is the tens digit of o(h)?
5
Suppose -1278552 = -104*a + 959449 - 273545. What is the ten thousands digit of a?
1
Let b(a) = 2*a - 29. Let g be b(16). Suppose -g*z + 7*z = -j + 482, -5*z = -25. What is the hundreds digit of j?
4
Let c(p) = -26*p - 23. Suppose -2*n = 4*z - 6*n + 20, 2*z - 3*n + 7 = 0. What is the hundreds digit of c(z)?
1
Let s be (6/3 + -3 - 0)/(-1). Let r be (s - 4 - -2) + 6. What is the tens digit of 2/r + 3965/25?
5
Let s = 83 - 1345. What is the hundreds digit of (38 - s) + 1 + 0?
3
Suppose 0 = -132*x + 182289 + 15051. What is the hundreds digit of x?
4
Let o(a) = -53*a**3 - 5*a**2 + 9*a + 38. What is the units digit of o(-4)?
4
Suppose 0 = 4*x - 3*v - 49070, 2*v + 3*v = 5*x - 61345. What is the hundreds digit of x?
2
Let w be (-12)/18*((-180)/8 + 3). Let c be (3/(-6))/(-1)*26. Let h = c + w. What is the units digit of h?
6
Suppose -16*x + 69828 = -13*x - 3*s, 6*x = 3*s + 139662. What is the thousands digit of x?
3
Let t be ((-9)/(27/(-16)) + -1)*-6. Let b = 110 + t. What is the units digit of b?
4
Let n = 14 - 10. Suppose 4*k + 96 = n*y, -3*k = 2*y + y - 102. Suppose 2*w + y = 183. What is the units digit of w?
7
Suppose 107*s = -55*s + 2291166. What is the ten thousands digit of s?
1
Let o(g) = -g - 6. Let b be o(-5). Let z be (28/(-8))/(b/36*1). Let d = z - 55. What is the units digit of d?
1
Suppose -11*l - 12*l = -19*l - 285528. What is the ten thousands digit of l?
7
Let l = 57 + 437. What is the units digit of l - (3 - (7 + -1))?
7
Let u = 717 + -712. Suppose -4*y - u*l + 2176 = 0, 2*y - 5*l = -8*l + 1086. What is the hundreds digit of y?
5
Let p be -90*(8/2 + (-52)/12). Let b be -4 + (-4)/(-2) - -18. Suppose -3*h - p = -5*v + 27, -4*h + b = v. What is the tens digit of v?
1
Let u(x) be the first derivative of x**4/2 - x**3 + 2*x**2 + 13*x - 120. What is the hundreds digit of u(6)?
3
Suppose 19*k - 120*k + 3723264 = 0. What is the units digit of k?
4
Let i(d) = -9*d**3 - 9*d**2 - 11*d - 27. Let s(j) = -3*j + 98. Let f be s(34). What is the hundreds digit of i(f)?
4
Let i be 2*2*7/(-2). Let p(z) = 13*z - 189. Let d be p(15). What is the units digit of (3 + i/d)/((-2)/(-120))?
0
Suppose 0 = 2*g - 6*g - g. Suppose 22*x - 3851 - 4839 = g. What is the units digit of x?
5
Let c(h) = 5*h + 59. Let i(q) = -30*q - 355. Let m(o) = 25*c(o) + 4*i(o). Let s(w) = 3*w + 28. Let r(b) = 3*m(b) - 7*s(b). What is the tens digit of r(-16)?
6
Let g be (16 + -19)*(2 + (-14)/3). Let a = 66 - g. Let z = a - 16. What is the units digit of z?
2
What is the units digit of ((-7949540)/17)/(-10) + -24?
8
Suppose 2*k - 58455 = -3*g, -146147 = -5*k + 26*g - 24*g. What is the tens digit of k?
2
Let u be 84/(-10)*(-20)/(-6). What is the units digit of 515 - 7/u*-8?
3
What is the units digit of 3 + 9/(-2) - 1/2*-10067?
2
Let n(m) be the third derivative of m**7/840 - m**6/60 + m**5/5 - 33*m**2. Let l(y) be the third derivative of n(y). What is the units digit of l(16)?
4
Let o(m) = 28*m**2 - 4*m - 2. Let v be o(-1). What is the units digit of (-4)/(-10) - (-108)/v?
4
Let h(w) = 260*w**2 - 3*w - 50. What is the tens digit of h(-4)?
2
Let j(u) = -u**2 - 23*u - 22. Let c be j(-26). What is the tens digit of (c/15 + 4)*-9?
2
Suppose l + 2*r = 22348, -77*l - 2*r = -80*l + 67076. What is the ten thousands digit of l?
2
Let b be (-10)/(-2) - (-26 + 28). Let h = -4 - -4. Suppose -4*q - b*g + h*g + 94 = 0, q = -5*g + 15. What is the tens digit of q?
2
Let v = 6208 - -632. What is the units digit of v?
0
Let f(g) = 2*g**3 + 11*g**2 + 5*g - 6. Let n be f(-5). What is the hundreds digit of (-10)/(-75)*5 - 776/n?
1
Suppose x - q + 857 = 0, -2*x - 1717 = -6*q + 7*q. Let u = -398 - x. What is the tens digit of u?
6
Let a = -66 + 97. Suppose -z + 3*d - 23 = 0, -a = 2*z - 3*d + 27. What is the units digit of z/(-2)*4*(-2)/(-10)?
4
Let g be (-16)/6*42/28. Let c(x) = x**3 + 3*x**2 + 2*x - 11. Let w be c(g). Let u = 66 - w. What is the units digit of u?
1
Suppose -3*g - 6*g = -90. Suppose 2*w - 20 + g = 0. Suppose 5 = w*u - 690. What is the tens digit of u?
3
Suppose 20*d - 21*d + 833 = 0. What is the tens digit of d?
3
Suppose -10*v + 56*v - 2663853 = -41*v. What is the hundreds digit of v?
6
Suppose 123*a - 1525921 - 1286979 + 627559 = 0. What is the hundreds digit of a?
7
Suppose 12 = -0*l + l. Let c = -9 + l. Suppose -2*b + 2 = 0, -c*b = -5*q + 2*b + 310. What is the tens digit of q?
6
Suppose -2*z + 26060 = 4*m, -1742 = -m + 5*z + 4806. What is the tens digit of m?
1
Suppose -2*g + 4 = -476. Suppose -4*p = -8*p + g. What is the units digit of p?
0
Let g(o) = -o**3 + 15*o**2 - 15*o + 19. Let v be g(14). Let m be (-1 + 2)*95/v. What is the hundreds digit of (2 - 12/5)*(-329 + m)?
1
Let d be 11/4 + -2 + 63/28. Suppose d*a - 603 = -4*m, 3*a = -5*m + 229 + 521. What is the hundreds digit of m?
1
Suppose 0 = -3*f + 2*h - 2726, -5*f - 2*h - 3485 - 1085 = 0. What is the hundreds digit of ((-11)/4 + -2)/(12/f)?
3
Let f = -4213 + 4794. What is the tens digit of f?
8
Suppose -274 = -4*l - 274. Let d(m) = -m + 1. Let p be d(-2). Suppose 0 = c + p, l*w + w - 4*c = 155. What is the tens digit of w?
4
Let c be 3 + (2 + -4 - -12). Suppose 80 = -150*v + 146*v. What is the units digit of (-56)/v*c*(-1 - -6)?
2
Let o(g) = 362*g**2 + g + 6. Let t be o(-2). Let l be t/(-22)*2/(-4). What is the units digit of (1 + l)/(2 - 0)?
7
Let r(g) = -3*g**2 - 14*g + 4. Let z be r(-5). Let m = z + 4. Let t(v) = 6*v**2 - 7. What is the tens digit of t(m)?
4
Suppose -255*o + 254*o = -3285. What is the hundreds digit of o?
2
Let p = 146870 + -67986. What is the ten thousands digit of p?
7
Suppose 3*r + 232*u - 230*u = 53929, 0 = -4*r - 4*u + 71912. What is the tens digit of r?
7
Let r(t) = -44*t - 17. Let z be r(7). Let v = -211 - z. Suppose 3*l - 132 = v. What is the tens digit of l?
8
Suppose 0 = -g - 4*h + 6378 + 14638, g + 3*h = 21014. What is the thousands digit of g?
1
Suppose p + 3*j = 2*p + 13, -j - 3 = -4*p. Let k be (p + -5)/(-3)*0. Suppose -f + 161 = 5*g, 5*f - 4*g + 5*g - 757 = k. What is the units digit of f?
1
Let h(y) = -y**2 - 8*y + 86. Let o be h(6). Suppose -3*x + 3630 - 853 = o*a, -5*x + 4639 = -2*a. What is the units digit of x?
7
Suppose -9*b - 16 - 11 = 0. What is the hundreds digit of (14 - 8)*(b + 235/3)?
4
Let t = 22893 - -6532. What is the tens digit of t?
2
Suppose 2*f + 0*o = -2*o + 2, 27 = 3*f - 3*o. Suppose -s = -0*s + 3*g + 179, -795 = f*s - 5*g. Let l = 260 + s. What is the tens digit of l?
9
Let d = -30 + 39. Suppose 15 = 6*q - d. Suppose 0 = -q*k - u + 127, -4*u - 6 = -2. What is the tens digit of k?
3
Let t(r) = 10*r + 25. Let c be t(5). Suppose -c*h + 264 = -72*h. What is the units digit of h?
8
Let n(j) = 4*j**3 + 399*j**2 + 180*j - 144. What is the units digit of n(-98)?
4
Suppose -5*z + 11 = -144. Suppose -b = 5*l - 215, 0*b = l + 2*b - 52. Let u = l - z. What is the units digit of u?
1
Let h = 13074 + -6612. What is the tens digit of h?
6
Let q(c) = c**3 - 3*c**2 - 10*c + 28. Let j be q(4). Suppose 0 = 2*t + t, -3*y + 606 = j*t. What is the hundreds digit of y?
2
Let h(g) be the third derivative of g**5/60 + 4*g**4/3 + 21*g**3 - 41*g**2. What is the units digit of h(-48)?
4
What is the ten thousands digit of 12 - -9 - 5 - -12820?
1
Let l be 280 - 0/(-3)*-1*-1. Suppose -2*c + l = 6. What is the hundreds digit of c?
1
Let m = -28 + 44. Let y(t) be the third derivative of t**6/120 - 3*t**5/10 + 13*t**4/8 + 5*t**3/6 - t**2 - 22*t. What is the hundreds digit of y(m)?
1
Let v(c) = -7*c - 10*c**2 + 9 - 271*c**3 - 5*c + 272*c**3. Let m be v(11). Let f(y) = 25*y**2 + y. What is the tens digit of f(m)?
9
Let n = 131 + -60. Let d = n + -68. Su